6.
263
What is the greatest common factor of 5342250 and 204?
102
What is the highest common divisor of 9077 and 7199?
313
Calculate the greatest common divisor of 367828 and 4.
4
What is the greatest common divisor of 1638 and 16002?
126
What is the highest common divisor of 951833 and 1565?
313
What is the highest common factor of 9208 and 1512?
8
Calculate the highest common divisor of 7 and 8632.
1
Calculate the greatest common factor of 574142 and 41680.
1042
What is the highest common factor of 184 and 623300?
92
Calculate the highest common factor of 5681 and 19.
19
What is the greatest common divisor of 15886 and 752?
94
What is the greatest common factor of 7072 and 40?
8
Calculate the highest common factor of 421 and 2714608.
421
Calculate the highest common factor of 495303 and 321.
321
What is the highest common factor of 663 and 859911?
663
What is the greatest common factor of 26 and 201227?
13
What is the highest common divisor of 3775566 and 76?
38
Calculate the greatest common factor of 52654 and 770.
14
Calculate the highest common factor of 18216 and 1375.
11
Calculate the greatest common factor of 13869 and 90249.
201
What is the greatest common divisor of 1852 and 2252?
4
What is the highest common divisor of 15426 and 474?
6
Calculate the highest common factor of 363448 and 105704.
1448
Calculate the greatest common factor of 284077 and 488.
61
Calculate the highest common factor of 19703 and 310612.
1159
Calculate the highest common factor of 729615 and 15.
15
What is the highest common factor of 33972 and 16188?
228
Calculate the greatest common divisor of 1998 and 11394.
54
What is the highest common divisor of 353 and 288401?
353
What is the greatest common factor of 1978 and 2408?
86
What is the highest common factor of 23036 and 13?
13
What is the greatest common divisor of 18974 and 106?
106
Calculate the greatest common factor of 1 and 1699.
1
Calculate the greatest common divisor of 207 and 92547.
9
Calculate the highest common factor of 28 and 1065442.
14
Calculate the greatest common factor of 12 and 29024.
4
What is the greatest common divisor of 1827701 and 73?
73
Calculate the highest common factor of 200 and 6340.
20
Calculate the greatest common factor of 4170 and 63801.
417
Calculate the highest common factor of 1392 and 13702152.
696
What is the highest common factor of 7973 and 51?
17
Calculate the greatest common divisor of 28 and 111958.
14
What is the greatest common divisor of 45904 and 8816?
304
Calculate the highest common factor of 3598 and 434.
14
What is the highest common divisor of 1684 and 5379117?
421
Calculate the greatest common divisor of 8164 and 44.
4
Calculate the greatest common factor of 399722 and 3454.
314
Calculate the highest common factor of 5530 and 10290.
70
What is the greatest common divisor of 21288 and 1380?
12
What is the highest common factor of 137161 and 38?
19
Calculate the greatest common factor of 5859 and 100037.
217
Calculate the greatest common divisor of 96 and 4520688.
48
Calculate the greatest common divisor of 44081 and 323.
17
What is the highest common factor of 122931 and 29493?
261
What is the greatest common factor of 7 and 158753?
7
What is the greatest common factor of 76279 and 357?
119
What is the highest common factor of 4998 and 924?
42
Calculate the greatest common divisor of 1460 and 364270.
730
Calculate the highest common factor of 1380 and 242420.
460
What is the highest common divisor of 261183 and 52?
13
Calculate the highest common factor of 15732 and 6348.
276
Calculate the highest common divisor of 48 and 20848.
16
Calculate the greatest common divisor of 44079 and 987.
21
Calculate the highest common divisor of 2610 and 93438.
522
What is the greatest common divisor of 985 and 3215?
5
What is the highest common factor of 71784 and 18?
18
What is the greatest common divisor of 1128 and 435972?
564
What is the highest common factor of 272 and 67024?
16
What is the greatest common divisor of 76 and 68039?
19
Calculate the greatest common factor of 390 and 174486.
78
What is the highest common factor of 529 and 1311?
23
What is the highest common factor of 6 and 5528?
2
Calculate the greatest common divisor of 294 and 826.
14
What is the highest common divisor of 5135 and 2665?
65
What is the greatest common factor of 36 and 1298574?
18
What is the greatest common factor of 279 and 124589?
31
Calculate the highest common divisor of 110 and 1229470.
110
What is the greatest common divisor of 8 and 655792?
8
What is the greatest common divisor of 171 and 3021?
57
What is the greatest common factor of 88973 and 193?
193
What is the greatest common divisor of 828 and 1047213?
207
Calculate the highest common factor of 3 and 3709.
1
What is the highest common divisor of 66 and 9279072?
66
What is the greatest common factor of 40 and 348470?
10
What is the greatest common factor of 68704 and 152?
152
Calculate the greatest common divisor of 399453 and 141.
141
Calculate the greatest common divisor of 233856 and 84.
84
What is the greatest common divisor of 4774 and 55?
11
What is the greatest common divisor of 176 and 379952?
16
Calculate the highest common factor of 483 and 1300236.
483
What is the highest common divisor of 17171 and 616?
77
Calculate the greatest common divisor of 89 and 89.
89
What is the highest common divisor of 22 and 771122?
22
What is the greatest common factor of 546 and 8385?
39
What is the greatest common divisor of 5004 and 2676?
12
What is the highest common divisor of 97763 and 413?
59
Calculate the highest common divisor of 11326 and 111642.
1618
Calculate the highest common factor of 1116 and 355632.
372
Calculate the greatest common factor of 5446 and 476136.
778
Calculate the highest common divisor of 300 and 687450.
150
Calculate the highest common divisor of 544 and 34884.
68
What is the highest common factor of 30471 and 42?
21
What is the highest common divisor of 66659 and 3490?
349
Calculate the highest common factor of 24826 and 14.
2
Calculate the greatest common factor of 372 and 323888.
124
Calculate the greatest common factor of 14720 and 21988.
92
Calculate the highest common factor of 605 and 3275833.
121
Calculate the greatest common factor of 12626 and 37450.
214
Calculate the greatest common factor of 170 and 136085.
85
What is the greatest common factor of 6456 and 1704?
24
Calculate the greatest common factor of 1767 and 6603.
93
What is the highest common divisor of 2873565 and 27?
9
What is the highest common divisor of 493216 and 64?
32
What is the highest common divisor of 18 and 968?
2
What is the highest common divisor of 42 and 219009?
21
What is the highest common divisor of 1456 and 168?
56
What is the greatest common divisor of 7448 and 4446?
38
What is the greatest common divisor of 2785105 and 5?
5
What is the highest common factor of 10727 and 544?
17
What is the greatest common divisor of 52 and 77324?
52
What is the greatest common divisor of 10465 and 455?
455
What is the greatest common divisor of 6 and 8952?
6
What is the highest common factor of 680257 and 38?
19
What is the highest common divisor of 9020 and 1188?
44
Calculate the highest common divisor of 1953 and 29736.
63
Calculate the greatest common factor of 4681 and 124.
31
What is the highest common divisor of 12 and 91704?
12
What is the greatest common divisor of 912 and 189012?
228
What is the highest common divisor of 5222 and 2310?
14
Calculate the highest common divisor of 5661 and 4131.
153
Calculate the greatest common divisor of 6216 and 462.
42
What is the highest common divisor of 768 and 4672?
64
What is the highest common factor of 355 and 234655?
355
What is the greatest common divisor of 1068 and 1884?
12
Calculate the highest common factor of 53196 and 104.
52
Calculate the greatest common divisor of 7068 and 4092.
372
What is the highest common factor of 30 and 1271685?
15
Calculate the highest common divisor of 234 and 138268.
26
Calculate the highest common divisor of 668 and 1228.
4
What is the greatest common divisor of 8075 and 10013?
323
Calculate the greatest common factor of 1538603 and 1342.
671
Calculate the highest common factor of 1463787 and 117.
117
What is the greatest common divi